tors of r?
2, 29
List the prime factors of (-7 + (962 - 7))/((-2)/(-6)).
2, 3, 79
Let t(x) = -x**2 - 16*x + 65. Let y be t(-19). Suppose -y*z - 4*g + 1804 = -4*z, 0 = 2*z + 3*g - 902. What are the prime factors of z?
11, 41
Suppose -76165 = -4*y - 5*m, -10492 = -y - 3*m + 8558. What are the prime factors of y?
3, 5, 47
Let w be 30/(-9)*34*45/(-6). Suppose -10*r + w = -3650. What are the prime factors of r?
2, 3, 5
Let w(q) = -2*q - 21. Let y be w(-17). Suppose 4*x - y*x + 36 = 0. Suppose x*v - 565 = -v + 4*f, -5*v + 3*f = -570. List the prime factors of v.
3, 13
What are the prime factors of (9 - 11)*386/(-4)?
193
Suppose 0 = 2*j + 4*p - 12638, 4*j = -5*p + 16307 + 8972. What are the prime factors of j?
3, 7, 43
Suppose -540 = -2*p - 7*p. Let g = p + -87. What are the prime factors of g - -26 - -7*37/1?
2, 3, 43
Let d(n) = 713*n**2 - 62*n - 551. List the prime factors of d(-9).
2, 5, 19
Suppose 50*l = 55*l - 1025. Suppose d = 667 - l. What are the prime factors of d?
2, 3, 7, 11
Let x(q) = 11*q**2 - 13*q + 40. Let o be x(6). Suppose a + 2 = 3, -3*g + 5*a = -o. What are the prime factors of (-4 + g)/((-4)/(-7 - -3))?
3, 13
Let q be 92/(-92)*(1 - 1). Suppose q = s - 222 + 79. What are the prime factors of s?
11, 13
Suppose 2*w - 6*w + 9 = -i, -i - 6 = -3*w. Suppose 3*j = j - 4*r + 60, -i*j + 112 = -5*r. What are the prime factors of 51/j - (-342)/4?
3, 29
Suppose 458*t = 304*t + 7218750. List the prime factors of t.
3, 5
Let r = 27 - 18. Suppose -r*m = 290 - 1676. Let o = m - 109. List the prime factors of o.
3, 5
Let i(p) = -14*p**2 + 12*p + 72. Let x be i(-12). Let j = -1293 - x. What are the prime factors of j?
3, 5, 53
Let o be (-4935)/(-14)*72/15. Let u = 2887 - o. What are the prime factors of u?
5, 239
Suppose -4*z = -i + 5187, -3*z = 4*i - 0*i - 20729. List the prime factors of i.
71, 73
Let i(n) = 217*n - 94. Let z be i(5). Let b = -323 + z. What are the prime factors of b?
2, 167
Let j(l) = -16*l**3 - l**2 - 6*l + 8. Suppose 0 = -14*o + 11*o - 12. List the prime factors of j(o).
2, 5, 13
Let m(t) = -513*t**3 - 13*t**2 - 55*t - 59. What are the prime factors of m(-3)?
2, 5, 173
What are the prime factors of (-7 - -12196) + 32/8?
89, 137
Let v(b) = -1631*b - 467. List the prime factors of v(-5).
2, 31
Suppose -6 = -5*y + 5*r - 1, -2*r - 2 = y. Suppose 0 = -6*b - y*b + 1962. Suppose -b = -4*g + n, -4*n = 2*g - 4*g + 174. What are the prime factors of g?
3
Suppose 0 = 40*h - 14*h - 44876. List the prime factors of h.
2, 863
Suppose -118*l = 98*l - 130248. What are the prime factors of l?
3, 67
Suppose 3*x - 896 = 319. Suppose 19*j = 14*j + x. What are the prime factors of j?
3
Let a be (-2)/5*(-55)/11. Let d be ((a - 2) + 85)*-1. Let t = -1 - d. List the prime factors of t.
2, 3, 7
Let w be (3358 - (-16)/2)*2. Suppose 13*h - 223 - w = 0. List the prime factors of h.
5, 107
Suppose 2*h - 152 = i, 8*h - 206 = 5*h - 4*i. Suppose -19*p + h = -8419. List the prime factors of p.
3, 149
Suppose -5*v + 0*z + 7 = z, -5*v = 2*z - 4. Suppose -v*a = 73 + 149. Let t = -78 - a. List the prime factors of t.
3, 11
Let o = -11754 - -21599. List the prime factors of o.
5, 11, 179
Let j = -7647 - -14823. What are the prime factors of j?
2, 3, 13, 23
Suppose 0 = 15*t - 1 - 44. Suppose -5*z + t*z + 4 = 0. Let o = 60 - z. List the prime factors of o.
2, 29
Let u be (-21)/56 + (-687)/24. Let p = u + 162. What are the prime factors of p?
7, 19
Let x(y) = 15*y**3 + 1 - 6*y**3 + 3 - 2 - 2*y**2 + y. Suppose -5*f - 3*t + 2 = -17, 3*f - t - 3 = 0. List the prime factors of x(f).
2, 17
Let a(b) = 4*b - 10. Let k be a(2). Let s(m) = 48*m**2 - 6*m + 3. What are the prime factors of s(k)?
3, 23
Let u = 83 + -61. Let o(p) = -p**2 + 23*p - 10. Let y be o(u). What are the prime factors of (-26 + -1)*(-4)/y?
3
Let j be 2/12 - 7110/(-108). Let i = j - 48. Let o(b) = -b**3 + 17*b**2 + 24*b - 18. List the prime factors of o(i).
2, 3, 5
List the prime factors of -4*(24/(-11) - -2 - 9785577/3212).
7, 1741
Let f(y) = -y**2 - 10*y + 31. Let p be (-1390)/(-80) - (-3)/(-8). Let n be (10/(-3))/(p/51). List the prime factors of f(n).
31
Let t be (2 + 378)/((-1)/(-3)). Let s be 487*(1 - 0)*6. Suppose 0 = -6*i - t + s. What are the prime factors of i?
3, 11
Let v = 56 + -53. Suppose l - 4*k = -4*l - 2, -v*k = 5*l + 16. List the prime factors of (-2)/3*(361/l + 2).
7, 17
Let h = -692 - -699. What are the prime factors of (-3816)/2*(-11 + h - -3)?
2, 3, 53
Let n = -11745 + 21060. What are the prime factors of n?
3, 5, 23
Suppose -461*w = 6188224 - 20640113. What are the prime factors of w?
23, 29, 47
Let j(t) = 13*t - 4. Let p be j(-4). Let f be (-6)/(2/(-141)*3). Let o = p + f. List the prime factors of o.
5, 17
Let q(m) = -2*m - 12. Let w be q(-11). Suppose f = -w*f + 2585. What are the prime factors of f?
5, 47
Let n = 718 + -71. Let x = 1087 - n. Suppose 4*w - x + 56 = 0. List the prime factors of w.
2, 3
Suppose 98547 = 623*t - 611*t - 260373. What are the prime factors of t?
2, 3, 5, 997
Let q be 4/10 + 4 + 336/60. Suppose 0 = -q*f + 1055 + 11885. What are the prime factors of f?
2, 647
List the prime factors of ((-1038)/9)/(18/(-918)) - -11.
71, 83
Let s(m) be the third derivative of -125*m**4/12 - 3*m**3 - 19*m**2. Let b be s(-6). Suppose 0 = -8*p - 458 + b. What are the prime factors of p?
2
Suppose -8 = -4*h + 12. Let s(p) = p**3 + 5*p**2 - 5*p - 7. What are the prime factors of s(h)?
2, 109
Suppose -2*i - 1456 = -3*f, -f + 4*f - i = 1454. Suppose -4*m + 27 = 173*g - 170*g, 0 = 2*g - 2*m - 4. Suppose 3*j + f = g*j. List the prime factors of j.
2, 11
Suppose -3*n + 2074 + 341 = p, 4*n - p = 3213. What are the prime factors of n?
2, 3, 67
Let b = -4477 + 6564. What are the prime factors of b?
2087
Let h = -28 - -527. Let v = -123 + h. List the prime factors of v.
2, 47
Let n be 2*(-10)/(-4) - 6. What are the prime factors of (71150/250)/(n/(-5))?
1423
Suppose -5*a = 5*w - 110, -5*w + 50 = 2*a - 72. Suppose w*h + 8379 = 35*h. List the prime factors of h.
7, 19
Let y be ((-20)/(-25))/(2/(-5)) + 4. Suppose 5*t - 1006 = -y*b + 175, 0 = b - 3*t - 563. List the prime factors of b.
2, 17
Let g = 1559 - 1019. Let y = g + -386. Let b = y + -18. What are the prime factors of b?
2, 17
Let a(y) = -6*y + 48. Let m be a(6). Let j(u) = u**2 - 4*u + 34. Let w be j(m). Suppose -7*v = -6*v - w. What are the prime factors of v?
2, 5, 13
Suppose -5*c - 3*t + 5 = 2*t, 4*c - 4*t = 12. Let q be (c + (-2 - -3)*-3)*22. List the prime factors of 178 - (q/(-14) - 32/56).
3, 59
Let z(x) be the first derivative of x**3/3 + 3*x**2 - 18*x - 32. Let l be z(9). Suppose -l = -4*k + 3*k. What are the prime factors of k?
3, 13
Suppose 7*a - 20 - 8 = 0. Let c(j) = j**2 - 11. Let m be c(a). Let l(p) = 2*p**3 - 3*p**2 + 2*p + 8. What are the prime factors of l(m)?
193
Let o(b) = -b**3 - 3*b**2 + 13*b + 11. Let c be o(-5). Let u be (-1)/14*4 - c/14. Suppose u = -8*m + 348 + 604. What are the prime factors of m?
7, 17
List the prime factors of 1*-2 - (-7684 - -85).
71, 107
Suppose 3*k - j - 7 = 0, -k + 3*j = -0*j + 11. Let c be k/(-22) + 368/88. Suppose -s - 451 = -5*q, -5*q = -c*s - 60 - 394. What are the prime factors of q?
2, 3, 5
Let a be (-168)/35*((-12)/8 + -1). Suppose 4*t - 10*d - 1268 = -a*d, 0 = -t - 4*d + 324. What are the prime factors of t?
2, 79
Let w = 75 + -47. Let p = w - -4. Let q = 44 + p. What are the prime factors of q?
2, 19
Suppose 8*k = 9*k - 291. Let h = -431 + k. Let d = -43 - h. List the prime factors of d.
97
Let b(z) = 1182*z**2 - 19*z - 41. What are the prime factors of b(-2)?
3, 5, 7
Let j(o) = 536*o**2 + 62*o - 400. What are the prime factors of j(9)?
2, 21787
Suppose 4*p = 3*k + 389 - 5443, -2*k = -4*p - 3364. List the prime factors of k.
2, 5, 13
Let x(v) = 534*v + 7052. What are the prime factors of x(36)?
2, 6569
Suppose h = -5*z - 29, -63*z + 5*h + 40 = -67*z. Let f(g) = -2*g - 4 - 9*g - 3. What are the prime factors of f(z)?
2, 3
Let l(s) = -s**2 + 9*s + 29. Let h be l(11). Suppose -h*i = 108 + 1110. Let x = -118 - i. List the prime factors of x.
2, 7
Let j(h) = 27*h - 19. Let a be j(9). Let x(t) = -t**2 + 10*t - 16. Let g be x(6). Suppose g*y = -0*y + a. List the prime factors of y.
2, 7
Suppose 4*c + 6*z - 12 = 9*z, 4*c - 12 = -3*z. Suppose -574 - 716 = -c*i. What are the prime 